99
What are the prime factors of 4785219055?
5, 31, 30872381
List the prime factors of 171897993.
3, 29, 658613
List the prime factors of 4106884637.
19, 5333, 40531
What are the prime factors of 174849137?
43, 4066259
List the prime factors of 198720764.
2, 11, 71, 63611
What are the prime factors of 1141588794?
2, 3, 17, 631, 17737
What are the prime factors of 79142676?
2, 3, 19, 313, 1109
List the prime factors of 1840115439.
3, 19, 10760909
List the prime factors of 27930464.
2, 23, 137, 277
List the prime factors of 752051264.
2, 211, 55691
List the prime factors of 108142052.
2, 27035513
List the prime factors of 261098223.
3, 17, 29, 176537
What are the prime factors of 263783863?
7, 151, 479, 521
List the prime factors of 10597652.
2, 13, 61, 257
What are the prime factors of 91794558?
2, 3, 37, 379, 1091
List the prime factors of 35369267.
35369267
List the prime factors of 22739436.
2, 3, 601, 1051
List the prime factors of 107933332.
2, 13, 2075641
List the prime factors of 4677045.
3, 5, 311803
List the prime factors of 4019595138.
2, 3, 13, 23, 241, 1033
List the prime factors of 34343916.
2, 3, 643, 4451
List the prime factors of 132749977.
132749977
What are the prime factors of 42806411?
19, 223, 10103
List the prime factors of 58432378.
2, 241, 121229
What are the prime factors of 40124337?
3, 11, 79, 15391
What are the prime factors of 429712309?
13, 33054793
List the prime factors of 32362392.
2, 3, 1051, 1283
List the prime factors of 433587632.
2, 313, 86579
List the prime factors of 10430796.
2, 3, 869233
What are the prime factors of 5860496769?
3, 1953498923
List the prime factors of 298879.
7, 42697
What are the prime factors of 11860592?
2, 139, 5333
List the prime factors of 1355009901.
3, 7, 64524281
List the prime factors of 37434064.
2, 23, 101723
What are the prime factors of 3937181289?
3, 131, 10018273
List the prime factors of 65888824.
2, 8236103
What are the prime factors of 20878693?
11, 37, 43, 1193
List the prime factors of 127405246.
2, 1049, 60727
What are the prime factors of 1267231631?
193, 6565967
List the prime factors of 140190107.
103, 1361069
What are the prime factors of 527414922?
2, 3, 1051, 9293
List the prime factors of 101082791.
79, 601, 2129
What are the prime factors of 73998055?
5, 43, 344177
List the prime factors of 83626770.
2, 3, 5, 2787559
What are the prime factors of 163083691?
41, 223, 17837
List the prime factors of 76898762.
2, 241, 159541
What are the prime factors of 1205670085?
5, 47, 5130511
List the prime factors of 492321464.
2, 19, 3238957
List the prime factors of 121962485.
5, 61, 89, 4493
What are the prime factors of 599663865?
3, 5, 17, 433, 5431
List the prime factors of 4220442809.
11, 487, 787837
List the prime factors of 86323101.
3, 563, 51109
List the prime factors of 2415408627.
3, 881, 913889
List the prime factors of 257490495.
3, 5, 31, 20509
List the prime factors of 80981151.
3, 26993717
List the prime factors of 35092980.
2, 3, 5, 13, 4999
What are the prime factors of 350706161?
13, 19, 877, 1619
What are the prime factors of 115771076?
2, 37, 163, 4799
What are the prime factors of 5529919091?
47, 117657853
What are the prime factors of 392806860?
2, 3, 5, 2099, 3119
What are the prime factors of 104660157?
3, 7, 881, 5657
List the prime factors of 64932344.
2, 8116543
What are the prime factors of 86341412?
2, 233, 92641
What are the prime factors of 80652988?
2, 13, 1551019
What are the prime factors of 559310699?
559310699
What are the prime factors of 393616617?
3, 131, 1001569
List the prime factors of 23238517.
331, 70207
What are the prime factors of 2510769147?
3, 6367, 131447
List the prime factors of 75246006.
2, 3, 11, 1140091
List the prime factors of 1311639855.
3, 5, 87442657
What are the prime factors of 251817006?
2, 3, 7, 479, 12517
What are the prime factors of 30450626?
2, 937, 16249
List the prime factors of 5792131294.
2, 71, 40789657
What are the prime factors of 333579995?
5, 7, 31, 167, 263
What are the prime factors of 87458722?
2, 13, 29, 193, 601
What are the prime factors of 5223033233?
11, 17, 31, 59, 15271
What are the prime factors of 85405554?
2, 3, 13, 179, 2039
List the prime factors of 158511698.
2, 3499, 22651
What are the prime factors of 366435747?
3, 23, 1770221
List the prime factors of 255895616.
2, 3998369
What are the prime factors of 4278890429?
11, 17, 22881767
What are the prime factors of 8488339?
8488339
What are the prime factors of 4594349879?
7, 83, 95273
List the prime factors of 1175563197.
3, 43, 3037631
What are the prime factors of 1051813894?
2, 19, 27679313
What are the prime factors of 4905308228?
2, 2081, 589297
What are the prime factors of 7490924801?
107, 2879, 24317
List the prime factors of 241387817.
11, 47, 139, 3359
List the prime factors of 7009609601.
44041, 159161
What are the prime factors of 60794780?
2, 5, 59, 51521
List the prime factors of 3887820542.
2, 17, 47, 2432929
List the prime factors of 1735475.
5, 7, 47, 211
List the prime factors of 2038406182.
2, 17, 53, 1131191
List the prime factors of 68913850.
2, 5, 1378277
What are the prime factors of 27849887?
13, 2142299
List the prime factors of 972517984.
2, 47, 163, 3967
List the prime factors of 68986575.
3, 5, 7, 43801
What are the prime factors of 65128140?
2, 3, 5, 7, 11, 37, 127
What are the prime factors of 585643342?
2, 23, 29, 443, 991
List the prime factors of 34483822.
2, 19, 907469
What are the prime factors of 8639025132?
2, 3, 719918761
What are the prime factors of 19863634?
2, 7, 1418831
List the prime factors of 111906448.
2, 6994153
What are the prime factors of 2802595528?
2, 67, 5228723
List the prime factors of 53613440.
2, 5, 19, 4409
What are the prime factors of 118985795?
5, 53, 449003
What are the prime factors of 16945762?
2, 8472881
List the prime factors of 1325544397.
79, 401, 41843
List the prime factors of 106664842.
2, 29, 619, 2971
What are the prime factors of 51608729?
43, 283, 4241
What are the prime factors of 60999341?
13, 4692257
List the prime factors of 37259080.
2, 5, 23, 40499
List the prime factors of 18043343.
1847, 9769
What are the prime factors of 1661842290?
2, 3, 5, 1951, 28393
What are the prime factors of 7903285301?
7949, 994249
What are the prime factors of 122594744?
2, 15324343
What are the prime factors of 1883434315?
5, 7, 7687487
List the prime factors of 83937187.
83937187
List the prime factors of 67274886.
2, 3, 7, 1601783
List the prime factors of 150811364.
2, 11, 103, 107, 311
List the prime factors of 844212714.
2, 3, 41, 3431759
What are the prime factors of 577916112?
2, 3, 193, 62383
List the prime factors of 655356496.
2, 163, 251287
What are the prime factors of 444708220?
2, 5, 11, 23, 87887
What are the prime factors of 3448732071?
3, 67, 17157871
List the prime factors of 812957354.
2, 11, 53, 691, 1009
What are the prime factors of 20694828?
2, 3, 7, 11, 22397
What are the prime factors of 12035561?
293, 41077
What are the prime factors of 1573909111?
311, 5060801
What are the prime factors of 2038361377?
13, 47, 70981
What are the prime factors of 11592195?
3, 5, 83, 9311
What are the prime factors of 2245092113?
11, 541, 377263
What are the prime factors of 8580410?
2, 5, 17, 2969
List the prime factors of 189598144.
2, 17, 174263
List the prime factors of 40702393.
40702393
List the prime factors of 964012825.
5, 38560513
What are the prime factors of 81278221?
6481, 12541
List the prime factors of 12462117.
3, 61, 68099
List the prime factors of 3654518.
2, 7, 89, 419
What are the prime factors of 15182837?
431, 35227
What are the prime factors of 507158246?
2, 7, 17, 2130917
List the prime factors of 3321083785.
5, 31, 257, 263, 317
What are the prime factors of 161390841?
3, 53796947
What are the prime factors of 205118938?
2, 103, 911, 1093
What are the prime factors of 292791085?
5, 17, 43, 80107
What are the prime factors of 241791294?
2, 3, 541, 74489
List the prime factors of 127798682.
2, 11, 5809031
What are the prime factors of 360790281?
3, 101, 44101
What are the prime factors of 40702412?
2, 1249, 8147
List the prime factors of 319093380.
2, 3, 5, 29, 61129
List the prime factors of 972337935.
3, 5, 64822529
List the prime